igit of 373222?
3
What is the ten thousands digit of 431000?
3
What is the ten thousands digit of 85270?
8
What is the units digit of 479331?
1
What is the hundreds digit of 14547?
5
What is the units digit of 1437465?
5
What is the thousands digit of 220591?
0
What is the hundred thousands digit of 446358?
4
What is the ten thousands digit of 486471?
8
What is the units digit of 1638715?
5
What is the hundred thousands digit of 1711049?
7
What is the ten thousands digit of 463333?
6
What is the ten thousands digit of 3013274?
1
What is the hundred thousands digit of 197146?
1
What is the hundred thousands digit of 843166?
8
What is the units digit of 9028498?
8
What is the hundreds digit of 8820833?
8
What is the tens digit of 599375?
7
What is the thousands digit of 3523067?
3
What is the ten millions digit of 17597801?
1
What is the thousands digit of 1984063?
4
What is the ten thousands digit of 6274149?
7
What is the hundred thousands digit of 1036843?
0
What is the units digit of 4768941?
1
What is the hundreds digit of 80958?
9
What is the millions digit of 42273728?
2
What is the hundreds digit of 183908?
9
What is the hundreds digit of 807977?
9
What is the ten thousands digit of 1177272?
7
What is the hundred thousands digit of 574060?
5
What is the millions digit of 13075466?
3
What is the tens digit of 1043120?
2
What is the hundreds digit of 9068338?
3
What is the thousands digit of 35749?
5
What is the tens digit of 19464514?
1
What is the units digit of 719411?
1
What is the hundreds digit of 3986586?
5
What is the tens digit of 504909?
0
What is the tens digit of 276028?
2
What is the hundred thousands digit of 1097828?
0
What is the units digit of 41954?
4
What is the units digit of 437011?
1
What is the thousands digit of 898179?
8
What is the tens digit of 213755?
5
What is the tens digit of 216495?
9
What is the tens digit of 2190587?
8
What is the units digit of 183100?
0
What is the millions digit of 5429552?
5
What is the units digit of 49942?
2
What is the units digit of 291882?
2
What is the tens digit of 1301130?
3
What is the thousands digit of 415138?
5
What is the millions digit of 5371646?
5
What is the ten thousands digit of 593935?
9
What is the units digit of 557269?
9
What is the units digit of 4555597?
7
What is the hundreds digit of 296865?
8
What is the hundreds digit of 134492?
4
What is the units digit of 4654842?
2
What is the thousands digit of 18876216?
6
What is the ten thousands digit of 1240304?
4
What is the thousands digit of 229132?
9
What is the millions digit of 5745680?
5
What is the thousands digit of 550936?
0
What is the ten thousands digit of 634674?
3
What is the thousands digit of 1690681?
0
What is the millions digit of 4997134?
4
What is the ten thousands digit of 16106634?
0
What is the ten thousands digit of 2167666?
6
What is the tens digit of 14467858?
5
What is the millions digit of 18514156?
8
What is the tens digit of 405090?
9
What is the hundred thousands digit of 173959?
1
What is the ten millions digit of 12516466?
1
What is the hundreds digit of 288454?
4
What is the ten millions digit of 12693677?
1
What is the hundreds digit of 1136599?
5
What is the ten thousands digit of 1055189?
5
What is the thousands digit of 3583950?
3
What is the units digit of 13409684?
4
What is the millions digit of 15685546?
5
What is the hundred thousands digit of 100433?
1
What is the ten thousands digit of 5851590?
5
What is the units digit of 5760382?
2
What is the millions digit of 1893525?
1
What is the hundred thousands digit of 1253271?
2
What is the units digit of 624855?
5
What is the thousands digit of 19558592?
8
What is the ten millions digit of 19561284?
1
What is the thousands digit of 1581017?
1
What is the thousands digit of 270518?
0
What is the hundred thousands digit of 664121?
6
What is the ten thousands digit of 950400?
5
What is the thousands digit of 20674189?
4
What is the ten thousands digit of 25444?
2
What is the hundred thousands digit of 179585?
1
What is the tens digit of 1226163?
6
What is the tens digit of 525072?
7
What is the units digit of 63335?
5
What is the units digit of 1262133?
3
What is the ten thousands digit of 14809?
1
What is the hundreds digit of 110145?
1
What is the hundred thousands digit of 215212?
2
What is the hundred thousands digit of 227486?
2
What is the hundreds digit of 4154809?
8
What is the tens digit of 18474?
7
What is the tens digit of 5316746?
4
What is the units digit of 543939?
9
What is the ten thousands digit of 7204550?
0
What is the units digit of 169746?
6
What is the tens digit of 68201?
0
What is the ten thousands digit of 464060?
6
What is the ten thousands digit of 21415487?
1
What is the hundred thousands digit of 3073338?
0
What is the millions digit of 7016384?
7
What is the hundreds digit of 248104?
1
What is the hundreds digit of 2115869?
8
What is the ten thousands digit of 972619?
7
What is the hundreds digit of 284717?
7
What is the tens digit of 7182109?
0
What is the millions digit of 1308658?
1
What is the tens digit of 341711?
1
What is the hundred thousands digit of 8034153?
0
What is the tens digit of 306210?
1
What is the hundred thousands digit of 1374878?
3
What is the tens digit of 287268?
6
What is the tens digit of 24076?
7
What is the hundreds digit of 349531?
5
What is the units digit of 2188439?
9
What is the units digit of 3963284?
4
What is the hundred thousands digit of 155888?
1
What is the thousands digit of 68245?
8
What is the thousands digit of 5918437?
8
What is the hundred thousands digit of 261195?
2
What is the millions digit of 7732530?
7
What is the units digit of 503887?
7
What is the hundred thousands digit of 1885629?
8
What is the tens digit of 679362?
6
What is the tens digit of 138714?
1
What is the hundred thousands digit of 154586?
1
What is the thousands digit of 3442883?
2
What is the millions digit of 23909108?
3
What is the tens digit of 2184832?
3
What is the ten thousands digit of 4402423?
0
What is the thousands digit of 149127?
9
What is the ten thousands digit of 21007646?
0
What is the hundreds digit of 1136514?
5
What is the ten thousands digit of 9726101?
2
What is the ten thousands digit of 9528774?
2
What is the ten thousands digit of 352337?
5
What is the ten thousands digit of 10356181?
5
What is the tens digit of 355558?
5
What is the ten thousands digit of 8549686?
4
What is the hundred thousands digit of 5378168?
3
What is the millions digit of 13985057?
3
What is the hundred thousands digit of 4025210?
0
What is the hundred thousands digit of 1268968?
2
What is the thousands digit of 16282172?
2
What is the units digit of 53416?
6
What is the units digit of 79987?
7
What is the units digit of 2642494?
4
What is the units digit of 267815?
5
What is the hundred thousands digit of 264828?
2
What is the units digit of 23338220?
0
What is the thousands digit of 1430986?
0
What is the tens digit of 308069?
6
What is the thousands digit of 890585?
0
What is the ten thousands digit of 81136?
8
What is the units digit of 11205964?
4
What is the hundred thousands digit of 425231?
4
What is the hundred thousands digit of 254434?
2
What is the ten thousands digit of 317484?
1
What is the units digit of 929712?
2
What is the hundred thousands digit of 220144?
2
What is the thousands digit of 477363?
7
What is the hundred thousands digit of 4876703?
8
What is the millions digit of 29168844?
9
What is the tens digit of 115680?
8
What is the hundreds digit of 22948146?
1
What is the units digit of 139040?
0
What is the units digit of 783500?
0
What is the units digit of 470835?
5
What is the ten thousands digit of 9780130?
8
What is the thousands digit of 5026957?
6
What is the tens digit of 34377?
7
What is the thousands digit of 4794271?
4
What is the tens digit of 16678?
7
What is the units digit of 50520?
0
What is the thousands digit of 1846951?
6
What is the units digit of 5000264?
4
What is the units digit of 13569747?
7
What is the hundreds digit of 4786080?
0
What is the hundred thousands digit of 220752?
2
What is the tens digit of 127528?
2
What is the thousands digit of 403446?
3
What is the thousands digit of 19373180?
3
What is the hundreds digit of 32